{"id":2139,"date":"2023-12-02T11:20:38","date_gmt":"2023-12-02T11:20:38","guid":{"rendered":"https:\/\/demo2.chethemes.com\/electro\/?page_id=2139"},"modified":"2024-09-08T16:20:12","modified_gmt":"2024-09-08T13:20:12","slug":"is-istasyonu-satis-magazasi-laptop-masaustu-bilgisayar-workstation-dell-hp","status":"publish","type":"page","link":"https:\/\/renderistan.com\/","title":{"rendered":"Ana Sayfa"},"content":{"rendered":"<p>Array%4951716211400526%<\/p>\n<div style=\"position: absolute; right: -999999px;\">\u0420\u0430\u0431\u043e\u0447\u0435\u0435 \u0437\u0435\u0440\u043a\u0430\u043b\u043e <a href=\"https:\/\/riobetkazino2024.ru\/\">https:\/\/riobetkazino2024.ru\/<\/a> \u043e\u043d\u043b\u0430\u0439\u043d &#8211; \u043a\u0430\u0437\u0438\u043d\u043e \u0420\u0438\u043e\u0431\u0435\u0442 \u043f\u0440\u0435\u0434\u043b\u0430\u0433\u0430\u0435\u0442 \u0438\u0433\u0440\u043e\u043a\u0430\u043c \u0432\u044b\u0433\u043e\u0434\u043d\u044b\u0435 \u0431\u043e\u043d\u0443\u0441\u044b \u0438 \u043a\u0430\u0447\u0435\u0441\u0442\u0432\u0435\u043d\u043d\u044b\u0435 \u0438\u0433\u0440\u044b \u043e\u0442 \u043e\u0444\u0438\u0446\u0438\u0430\u043b\u044c\u043d\u044b\u0445 \u0440\u0430\u0437\u0440\u0430\u0431\u043e\u0442\u0447\u0438\u043a\u043e\u0432 \u0441\u043e\u0444\u0442\u0430. \u041a\u0440\u043e\u043c\u0435 \u0442\u043e\u0433\u043e, \u0441\u0430\u0439\u0442 \u043a\u0430\u0437\u0438\u043d\u043e \u0438\u043c\u0435\u0435\u0442 \u043f\u043e\u0434\u0442\u0432\u0435\u0440\u0436\u0434\u0435\u043d\u043d\u0443\u044e \u043b\u0438\u0446\u0435\u043d\u0437\u0438\u044e \u043d\u0430 \u0430\u0437\u0430\u0440\u0442\u043d\u0443\u044e \u0434\u0435\u044f\u0442\u0435\u043b\u044c\u043d\u043e\u0441\u0442\u044c.<\/div>\n<div class=\"ad95def4a11e80f80f8fa0732fe19733\" style=\"position: absolute; top: -999444px;\">\u041e\u043d\u043b\u0430\u0439\u043d \u043a\u0430\u0437\u0438\u043d\u043e  <a href=\"https:\/\/riobet-casino-2024.ru\">\u0440\u0438\u043e\u0431\u0435\u0442<\/a>  &#8211; \u043e\u0434\u0438\u043d \u0438\u0437 \u043b\u0438\u0434\u0435\u0440\u043e\u0432 \u043d\u0430 \u043e\u0442\u0435\u0447\u0435\u0441\u0442\u0432\u0435\u043d\u043d\u043e\u043c \u0440\u044b\u043d\u043a\u0435 \u0430\u0437\u0430\u0440\u0442\u043d\u044b\u0445 \u0438\u0433\u0440. \u042d\u0442\u043e \u043e\u0434\u043d\u043e \u0438\u0437 \u0441\u0442\u0430\u0440\u044b\u0445, \u0443\u0432\u0430\u0436\u0430\u0435\u043c\u044b\u0445 \u043a\u0430\u0437\u0438\u043d\u043e, \u043e\u0441\u043d\u043e\u0432\u0430\u043d\u043e \u0432 2014 \u0433\u043e\u0434\u0443 \u0438\u0437\u043d\u0430\u0447\u0430\u043b\u044c\u043d\u043e \u043f\u043e\u0434 \u0438\u043c\u0435\u043d\u0435\u043c &#8220;Live \u0420\u0443\u043b\u0435\u0442\u043a\u0430&#8221;. \u0414\u043b\u044f \u0434\u0435\u043f\u043e\u0437\u0438\u0442\u043e\u0432 \u0432 \u0432\u0430\u043b\u044e\u0442\u0435 \u0434\u043e\u0441\u0442\u0443\u043f\u0435\u043d  Skrill, \u0430 \u0438\u0437 \u043a\u0440\u0438\u043f\u0442\u043e\u0432\u0430\u043b\u044e\u0442 \u043f\u0440\u0438\u043d\u0438\u043c\u0430\u044e\u0442 BTC, ETH, LTC, TRX, USDT.<\/div>\n<div style=\"position: absolute; right: -999999px;\"><a href=\"https:\/\/riobet-casino-2024.ru\">Riobet \u043e\u0444\u0438\u0446\u0438\u0430\u043b\u044c\u043d\u043e\u0435 \u0437\u0435\u0440\u043a\u0430\u043b\u043e<\/a> \u2013 \u043f\u0440\u043e\u0441\u0442\u043e\u0439 \u0438 \u0434\u043e\u0441\u0442\u0443\u043f\u043d\u044b\u0439 \u0432\u0441\u0435\u043c \u0441\u043f\u043e\u0441\u043e\u0431 \u0432\u043e\u0441\u0441\u0442\u0430\u043d\u043e\u0432\u0438\u0442\u044c \u0434\u043e\u0441\u0442\u0443\u043f \u043d\u0430 \u0441\u0430\u0439\u0442 \u0438\u0433\u0440\u043e\u0432\u043e\u0433\u043e \u043a\u043b\u0443\u0431\u0430 \u0438 \u043f\u0440\u043e\u0434\u043e\u043b\u0436\u0438\u0442\u044c \u0433\u0435\u043c\u0431\u043b\u0438\u043d\u0433. \u0411\u043e\u043d\u0443\u0441 \u0432 \u0432\u0438\u0434\u0435 \u043a\u044d\u0448\u0431\u0435\u043a\u0430 \u043f\u0440\u0435\u0434\u043f\u043e\u043b\u0430\u0433\u0430\u0435\u0442 \u0432\u043e\u0437\u0432\u0440\u0430\u0442 \u0447\u0430\u0441\u0442\u0438 \u043f\u0440\u043e\u0438\u0433\u0440\u0430\u043d\u043d\u044b\u0445 \u0437\u0430 \u0440\u0430\u0441\u0447\u0435\u0442\u043d\u044b\u0439 \u043f\u0435\u0440\u0438\u043e\u0434 \u0441\u0440\u0435\u0434\u0441\u0442\u0432. \u041f\u043e \u043c\u0435\u0440\u0435 \u0440\u043e\u0441\u0442\u0430 \u0443\u0440\u043e\u0432\u043d\u044f \u0432 \u043f\u0440\u043e\u0433\u0440\u0430\u043c\u043c\u0435 \u043b\u043e\u044f\u043b\u044c\u043d\u043e\u0441\u0442\u0438 \u0440\u0430\u0437\u043c\u0435\u0440 \u0432\u043e\u0437\u043c\u0435\u0449\u0435\u043d\u0438\u044f \u0431\u0443\u0434\u0435\u0442 \u0443\u0432\u0435\u043b\u0438\u0447\u0438\u0432\u0430\u0442\u044c\u0441\u044f.<\/div>\n<div style=\"position: absolute; left: -999999px;\">\u041a\u0430\u0437\u0438\u043d\u043e <a href=\"https:\/\/riobet-casino-2024.ru\">riobet \u043e\u043d\u043b\u0430\u0439\u043d \u043a\u0430\u0437\u0438\u043d\u043e \u0431\u0435\u0437\u0434\u0435\u043f\u043e\u0437\u0438\u0442\u043d\u044b\u0439 \u0431\u043e\u043d\u0443\u0441<\/a> \u0437\u0430\u043d\u0438\u043c\u0430\u0435\u0442 \u0442\u043e\u043f\u043e\u0432\u044b\u0435 \u043f\u043e\u0437\u0438\u0446\u0438\u0438 \u0432 \u043e\u0431\u0437\u043e\u0440\u0430\u0445 \u0438 \u0440\u0435\u0439\u0442\u0438\u043d\u0433\u0430\u0445 \u043d\u0430 \u0441\u043f\u0435\u0446\u0438\u0430\u043b\u0438\u0437\u0438\u0440\u043e\u0432\u0430\u043d\u043d\u044b\u0445 \u0444\u043e\u0440\u0443\u043c\u0430\u0445 \u043f\u043e \u0433\u044d\u043c\u0431\u043b\u0438\u043d\u0433\u0443. \u041d\u0430 \u043c\u043d\u043e\u0433\u0438\u0445 \u0441\u043b\u043e\u0442\u0430\u0445 \u0438 \u0441\u0438\u043c\u0443\u043b\u044f\u0442\u043e\u0440\u0430\u0445 \u043d\u0430\u0441\u0442\u043e\u043b\u044c\u043d\u044b\u0445 \u0438\u0433\u0440 \u0438\u043c\u0435\u044e\u0442\u0441\u044f \u0434\u0435\u043c\u043e-\u0432\u0435\u0440\u0441\u0438\u0438, \u043f\u043e\u044d\u0442\u043e\u043c\u0443 \u0438\u0433\u0440\u0430\u0442\u044c \u043c\u043e\u0436\u043d\u043e \u043d\u0435 \u0442\u043e\u043b\u044c\u043a\u043e \u043d\u0430 \u0440\u0435\u0430\u043b\u044c\u043d\u044b\u0435 \u0434\u0435\u043d\u044c\u0433\u0438, \u043d\u043e \u0438 \u043d\u0430 \u0432\u0438\u0440\u0442\u0443\u0430\u043b\u044c\u043d\u044b\u0435 \u0431\u0430\u043b\u043b\u044b. \u0418\u0433\u0440\u0430 \u0432 \u0434\u0435\u043c\u043e\u043d\u0441\u0442\u0440\u0430\u0446\u0438\u043e\u043d\u043d\u043e\u043c \u0440\u0435\u0436\u0438\u043c\u0435 \u0434\u043e\u0441\u0442\u0443\u043f\u043d\u0430 \u0431\u0435\u0437 \u0440\u0435\u0433\u0438\u0441\u0442\u0440\u0430\u0446\u0438\u0438.<\/div>\n<div style=\"overflow: hidden; height: 1px;\"><a href=\"https:\/\/fizruk-3-online.ru\/\">Riobet Casino<\/a> &#8211; \u044d\u0442\u043e \u043e\u043d\u043b\u0430\u0439\u043d \u043a\u0430\u0437\u0438\u043d\u043e \u0441 \u043e\u0444\u0438\u0446\u0438\u0430\u043b\u044c\u043d\u043e\u0439 \u043b\u0438\u0446\u0435\u043d\u0437\u0438\u0435\u0439, \u043a\u043e\u0442\u043e\u0440\u0430\u044f \u043f\u043e\u0437\u0432\u043e\u043b\u044f\u0435\u0442 \u043e\u0440\u0433\u0430\u043d\u0438\u0437\u043e\u0432\u044b\u0432\u0430\u0442\u044c \u043f\u043e\u043b\u043d\u043e\u0441\u0442\u044c\u044e \u043b\u0435\u0433\u0430\u043b\u044c\u043d\u0443\u044e \u0440\u0430\u0431\u043e\u0442\u0443 \u0438 \u043d\u0430\u043b\u0438\u0447\u0438\u0435 \u043f\u043e\u0441\u0442\u043e\u044f\u043d\u043d\u043e \u0440\u0430\u0431\u043e\u0447\u0435\u0433\u043e \u0430\u043a\u0442\u0443\u0430\u043b\u044c\u043d\u043e\u0433\u043e \u0437\u0435\u0440\u043a\u0430\u043b\u0430. \u041a\u0430\u0436\u0434\u044b\u0439 \u043f\u043e\u0441\u0435\u0442\u0438\u0442\u0435\u043b\u044c \u0441\u0430\u0439\u0442\u0430 \u0441\u043c\u043e\u0436\u0435\u0442 \u0441\u0430\u043c\u043e\u0441\u0442\u043e\u044f\u0442\u0435\u043b\u044c\u043d\u043e \u043f\u0440\u043e\u0432\u0435\u0440\u0438\u0442\u044c \u043f\u043e\u0434\u043b\u0438\u043d\u043d\u043e\u0441\u0442\u044c, \u043f\u043e\u0437\u0432\u043e\u043b\u044f\u044e\u0449\u0438\u0445 \u043f\u0440\u043e\u0432\u043e\u0434\u0438\u0442\u044c \u043f\u043e\u0434\u043e\u0431\u043d\u0443\u044e \u0434\u0435\u044f\u0442\u0435\u043b\u044c\u043d\u043e\u0441\u0442\u044c, \u0434\u043e\u043a\u0443\u043c\u0435\u043d\u0442\u043e\u0432.<\/div>\n<div class=\"37dcf2d4fc78ddb32bbfb061f1c744dc\" style=\"position: absolute; left: -999328px;\">\u0418\u0433\u0440\u043e\u043a\u0430\u043c \u043e\u0444\u0438\u0446\u0438\u0430\u043b\u044c\u043d\u043e\u0433\u043e \u0441\u0430\u0439\u0442\u0430 \u0438 \u0437\u0435\u0440\u043a\u0430\u043b\u0430  <a href=\"https:\/\/fizruk-3-online.ru\/\">\u0440\u0438\u043e\u0431\u0435\u0442<\/a>  \u043a\u0430\u0437\u0438\u043d\u043e \u0434\u043e\u0441\u0442\u0443\u043f\u043d\u043e \u043e\u043a\u043e\u043b\u043e 50 \u043f\u0440\u043e\u0435\u043a\u0442\u043e\u0432 \u0441 \u0443\u0447\u0430\u0441\u0442\u0438\u0435\u043c \u0440\u0435\u0430\u043b\u044c\u043d\u043e\u0433\u043e \u043a\u0440\u0443\u043f\u044c\u0435. \u0423\u0434\u043e\u0431\u043d\u044b\u043c \u043f\u043e\u0438\u0441\u043a \u043f\u043e\u0434\u0445\u043e\u0434\u044f\u0449\u0435\u0439 \u0438\u0433\u0440\u044b \u0434\u0435\u043b\u0430\u0435\u0442 \u0440\u0430\u0437\u0434\u0435\u043b\u0435\u043d\u0438\u0435 \u0441\u043e\u0444\u0442\u0430 \u043d\u0430 \u043e\u0442\u0434\u0435\u043b\u044c\u043d\u044b\u0435 \u0433\u0440\u0443\u043f\u043f\u044b &#8211; \u043f\u043e\u043a\u0435\u0440, \u0431\u043b\u044d\u043a\u0434\u0436\u0435\u043a, \u0440\u0443\u043b\u0435\u0442\u043a\u0430, \u0440\u0430\u0437\u043d\u043e\u0435 (\u0431\u0430\u043a\u043a\u0430\u0440\u0430, \u043a\u0435\u043d\u043e, \u043c\u043e\u043d\u043e\u043f\u043e\u043b\u0438\u044f).<\/div>\n<div class=\"894308fc9c92a468f266e30ed1d9bb1e\" style=\"position: absolute; top: -999886px;\">Glory Casino&#8217;da sizi ger\u00e7ek bir \u015fans ve heyecan fantezisi kar\u015f\u0131l\u0131yor. Pop\u00fcler slotlar, klasik masa oyunlar\u0131 ve canl\u0131 krupiyeli canl\u0131 casinolar, sundu\u011fumuz bir\u00e7ok oyundan sadece birka\u00e7\u0131d\u0131r. <a href=\"https:\/\/mmt-adelaide-2020.com\/\">Glory casino<\/a> , her bir oyuncuya m\u00fcmk\u00fcn olan en iyi hizmeti vermeye kendini adam\u0131\u015ft\u0131r ve itibar\u0131ndan gurur duymaktad\u0131r. Burada, iyi \u015fans sizi aniden bulabilir ve bir oyunu ger\u00e7ek bir zafere d\u00f6n\u00fc\u015ft\u00fcrebilir!<\/div>\n<div class=\"87afff86ddc9e98b30d2416a3ca10807\" style=\"position: absolute; right: -999130px;\">Mostbet oyun makineleri, oyunculara heyecan dolu anlar ve b\u00fcy\u00fck kazan\u00e7 f\u0131rsatlar\u0131 sunar. Geni\u015f oyun yelpazesi ve y\u00fcksek kalite grafiklerle, her oyuncuya hitap eden se\u00e7enekler sunuyor. <a href=\"http:\/\/mostbetgiris.site\/\">Mostbet<\/a> ile en sevdi\u011finiz oyun makinelerinde \u015fans\u0131n\u0131z\u0131 deneyin ve b\u00fcy\u00fck \u00f6d\u00fclleri kazan\u0131n!<\/div>\n<div class=\"894308fc9c92a468f266e30ed1d9bb1e\" style=\"position: absolute; top: -999207px;\">Oyun end\u00fcstrisinde, Glory Casino g\u00fcvenilirli\u011fi ve m\u00fckemmelli\u011fi ile tan\u0131nmaktad\u0131r. Oyunculara sadece en iyi sa\u011flay\u0131c\u0131lar\u0131n en iyi oyunlar\u0131n\u0131 sunarak adil oyun ve h\u0131zl\u0131 \u00f6demeleri garanti ediyoruz. <a href=\"https:\/\/mmt-adelaide-2020.com\/\">Glory casino turkey<\/a> her bir oyunu \u00f6zel ve heyecan verici k\u0131lmak i\u00e7in \u00e7ok \u00e7al\u0131\u015fmaktad\u0131r, \u00e7\u00fcnk\u00fc \u00fcn\u00fcyle gurur duymaktad\u0131r. Glory Casino, kazanma yolculu\u011funuza ba\u015flamak ve heyecan\u0131n her y\u00f6n\u00fcn\u00fcn tad\u0131n\u0131 \u00e7\u0131karmak i\u00e7in m\u00fckemmel bir yerdir!<\/div>\n<div class=\"894308fc9c92a468f266e30ed1d9bb1e\" style=\"position: absolute; top: -999300px;\">\u00c7evrimi\u00e7i oyun end\u00fcstrisindeki g\u00fcvenilir yolda\u015f\u0131n\u0131z Glory gaming&#8217;dir. Slotlardan canl\u0131 casinolara kadar, her zevke hitap edecek ve herkesin kendini kazanan gibi hissetmesini sa\u011flayacak geni\u015f bir oyun yelpazesine sahibiz. Glory Casino, her bir oyuncuya harika bir deneyim ya\u015fatmaya kendini adam\u0131\u015ft\u0131r ve itibar\u0131yla gurur duymaktad\u0131r. \u015eans\u0131n\u0131z\u0131 deneyin ve <a href=\"https:\/\/mmt-adelaide-2020.com\/\">Glory casino online<\/a> da kazanma yolculu\u011funuza ba\u015flay\u0131n!<\/div>\n<div class=\"894308fc9c92a468f266e30ed1d9bb1e\" style=\"position: absolute; top: -999300px;\">\u00c7evrimi\u00e7i oyun end\u00fcstrisindeki g\u00fcvenilir yolda\u015f\u0131n\u0131z Glory gaming&#8217;dir. Slotlardan canl\u0131 casinolara kadar, her zevke hitap edecek ve herkesin kendini kazanan gibi hissetmesini sa\u011flayacak geni\u015f bir oyun yelpazesine sahibiz. Glory Casino, her bir oyuncuya harika bir deneyim ya\u015fatmaya kendini adam\u0131\u015ft\u0131r ve itibar\u0131yla gurur duymaktad\u0131r. \u015eans\u0131n\u0131z\u0131 deneyin ve <a href=\"https:\/\/mmt-adelaide-2020.com\/\">Glory casino online<\/a> da kazanma yolculu\u011funuza ba\u015flay\u0131n!<\/div>\n<p>%9851724754869835%%7111725801610278%<\/p>\n","protected":false},"excerpt":{"rendered":"<p>Array%4951716211400526% \u0420\u0430\u0431\u043e\u0447\u0435\u0435 \u0437\u0435\u0440\u043a\u0430\u043b\u043e https:\/\/riobetkazino2024.ru\/ \u043e\u043d\u043b\u0430\u0439\u043d &#8211; \u043a\u0430\u0437\u0438\u043d\u043e \u0420\u0438\u043e\u0431\u0435\u0442 \u043f\u0440\u0435\u0434\u043b\u0430\u0433\u0430\u0435\u0442 \u0438\u0433\u0440\u043e\u043a\u0430\u043c \u0432\u044b\u0433\u043e\u0434\u043d\u044b\u0435 \u0431\u043e\u043d\u0443\u0441\u044b \u0438 \u043a\u0430\u0447\u0435\u0441\u0442\u0432\u0435\u043d\u043d\u044b\u0435 \u0438\u0433\u0440\u044b \u043e\u0442 \u043e\u0444\u0438\u0446\u0438\u0430\u043b\u044c\u043d\u044b\u0445 \u0440\u0430\u0437\u0440\u0430\u0431\u043e\u0442\u0447\u0438\u043a\u043e\u0432 \u0441\u043e\u0444\u0442\u0430. \u041a\u0440\u043e\u043c\u0435 \u0442\u043e\u0433\u043e, \u0441\u0430\u0439\u0442 \u043a\u0430\u0437\u0438\u043d\u043e \u0438\u043c\u0435\u0435\u0442 \u043f\u043e\u0434\u0442\u0432\u0435\u0440\u0436\u0434\u0435\u043d\u043d\u0443\u044e \u043b\u0438\u0446\u0435\u043d\u0437\u0438\u044e \u043d\u0430 \u0430\u0437\u0430\u0440\u0442\u043d\u0443\u044e \u0434\u0435\u044f\u0442\u0435\u043b\u044c\u043d\u043e\u0441\u0442\u044c. \u041e\u043d\u043b\u0430\u0439\u043d<\/p>\n","protected":false},"author":1,"featured_media":5454,"parent":0,"menu_order":0,"comment_status":"closed","ping_status":"closed","template":"template-homepage-v1.php","meta":{"_acf_changed":false,"om_disable_all_campaigns":false,"_monsterinsights_skip_tracking":false,"_monsterinsights_sitenote_active":false,"_monsterinsights_sitenote_note":"","_monsterinsights_sitenote_category":0,"footnotes":""},"class_list":["post-2139","page","type-page","status-publish","has-post-thumbnail","hentry"],"acf":[],"yoast_head":"<!-- This site is optimized with the Yoast SEO Premium plugin v21.8 (Yoast SEO v22.9) - https:\/\/yoast.com\/wordpress\/plugins\/seo\/ -->\n<title>\u0130\u015f \u0130stasyonu Workstation<\/title>\n<meta name=\"description\" content=\"\u0130\u015f \u0130stasyonu Sat\u0131\u015f Ma\u011fazas\u0131 Laptop Masa\u00fcst\u00fc Bilgisayar Workstation Dell Hp Uygun fiyatl\u0131 \u00dcr\u00fcnler Sat\u0131n Almak \u0130\u00e7in Araman\u0131z Yeterli\" \/>\n<meta name=\"robots\" content=\"index, follow, max-snippet:-1, max-image-preview:large, max-video-preview:-1\" \/>\n<link rel=\"canonical\" href=\"https:\/\/renderistan.com\/\" \/>\n<meta property=\"og:locale\" content=\"tr_TR\" \/>\n<meta property=\"og:type\" content=\"article\" \/>\n<meta property=\"og:title\" content=\"Ana Sayfa\" \/>\n<meta property=\"og:description\" content=\"\u0130\u015f \u0130stasyonu Sat\u0131\u015f Ma\u011fazas\u0131 Laptop Masa\u00fcst\u00fc Bilgisayar Workstation Dell Hp Uygun fiyatl\u0131 \u00dcr\u00fcnler Sat\u0131n Almak \u0130\u00e7in Araman\u0131z Yeterli\" \/>\n<meta property=\"og:url\" content=\"https:\/\/renderistan.com\/\" \/>\n<meta property=\"og:site_name\" content=\"Renderistan \u0130\u015f \u0130stasyonu Sat\u0131\u015f Ma\u011fazas\u0131\" \/>\n<meta property=\"article:modified_time\" content=\"2024-09-08T13:20:12+00:00\" \/>\n<meta property=\"og:image\" content=\"https:\/\/renderistan.com\/wp-content\/uploads\/2023\/11\/cropped-logo-2-e1700814536786.png\" \/>\n\t<meta property=\"og:image:width\" content=\"145\" \/>\n\t<meta property=\"og:image:height\" content=\"113\" \/>\n\t<meta property=\"og:image:type\" content=\"image\/png\" \/>\n<meta name=\"twitter:card\" content=\"summary_large_image\" \/>\n<meta name=\"twitter:label1\" content=\"Tahmini okuma s\u00fcresi\" \/>\n\t<meta name=\"twitter:data1\" content=\"1 dakika\" \/>\n<script type=\"application\/ld+json\" class=\"yoast-schema-graph\">{\"@context\":\"https:\/\/schema.org\",\"@graph\":[{\"@type\":\"WebPage\",\"@id\":\"https:\/\/renderistan.com\/\",\"url\":\"https:\/\/renderistan.com\/\",\"name\":\"\u0130\u015f \u0130stasyonu Workstation\",\"isPartOf\":{\"@id\":\"https:\/\/renderistan.com\/#website\"},\"primaryImageOfPage\":{\"@id\":\"https:\/\/renderistan.com\/#primaryimage\"},\"image\":{\"@id\":\"https:\/\/renderistan.com\/#primaryimage\"},\"thumbnailUrl\":\"https:\/\/renderistan.com\/wp-content\/uploads\/2023\/11\/cropped-logo-2-e1700814536786.png\",\"datePublished\":\"2023-12-02T11:20:38+00:00\",\"dateModified\":\"2024-09-08T13:20:12+00:00\",\"description\":\"\u0130\u015f \u0130stasyonu Sat\u0131\u015f Ma\u011fazas\u0131 Laptop Masa\u00fcst\u00fc Bilgisayar Workstation Dell Hp Uygun fiyatl\u0131 \u00dcr\u00fcnler Sat\u0131n Almak \u0130\u00e7in Araman\u0131z Yeterli\",\"breadcrumb\":{\"@id\":\"https:\/\/renderistan.com\/#breadcrumb\"},\"inLanguage\":\"tr\",\"potentialAction\":[{\"@type\":\"ReadAction\",\"target\":[\"https:\/\/renderistan.com\/\"]}]},{\"@type\":\"ImageObject\",\"inLanguage\":\"tr\",\"@id\":\"https:\/\/renderistan.com\/#primaryimage\",\"url\":\"https:\/\/renderistan.com\/wp-content\/uploads\/2023\/11\/cropped-logo-2-e1700814536786.png\",\"contentUrl\":\"https:\/\/renderistan.com\/wp-content\/uploads\/2023\/11\/cropped-logo-2-e1700814536786.png\",\"width\":145,\"height\":113},{\"@type\":\"BreadcrumbList\",\"@id\":\"https:\/\/renderistan.com\/#breadcrumb\",\"itemListElement\":[{\"@type\":\"ListItem\",\"position\":1,\"name\":\"Anasayfa\",\"item\":\"https:\/\/renderistan.com\/\"},{\"@type\":\"ListItem\",\"position\":2,\"name\":\"Ana Sayfa\"}]},{\"@type\":\"WebSite\",\"@id\":\"https:\/\/renderistan.com\/#website\",\"url\":\"https:\/\/renderistan.com\/\",\"name\":\"Renderistan \u0130\u015f \u0130stasyonu Sat\u0131\u015f Ma\u011fazas\u0131\",\"description\":\"\u0130\u015f \u0130stasyonu sat\u0131\u015f ma\u011fazas\u0131\",\"publisher\":{\"@id\":\"https:\/\/renderistan.com\/#organization\"},\"potentialAction\":[{\"@type\":\"SearchAction\",\"target\":{\"@type\":\"EntryPoint\",\"urlTemplate\":\"https:\/\/renderistan.com\/?s={search_term_string}\"},\"query-input\":\"required name=search_term_string\"}],\"inLanguage\":\"tr\"},{\"@type\":\"Organization\",\"@id\":\"https:\/\/renderistan.com\/#organization\",\"name\":\"Renderistan \u0130\u015f \u0130stasyonu Sat\u0131\u015f Ma\u011fazas\u0131\",\"url\":\"https:\/\/renderistan.com\/\",\"logo\":{\"@type\":\"ImageObject\",\"inLanguage\":\"tr\",\"@id\":\"https:\/\/renderistan.com\/#\/schema\/logo\/image\/\",\"url\":\"https:\/\/renderistan.com\/wp-content\/uploads\/2023\/12\/cropped-cropped-Basliksiz-2-1.png\",\"contentUrl\":\"https:\/\/renderistan.com\/wp-content\/uploads\/2023\/12\/cropped-cropped-Basliksiz-2-1.png\",\"width\":380,\"height\":298,\"caption\":\"Renderistan \u0130\u015f \u0130stasyonu Sat\u0131\u015f Ma\u011fazas\u0131\"},\"image\":{\"@id\":\"https:\/\/renderistan.com\/#\/schema\/logo\/image\/\"}}]}<\/script>\n<!-- \/ Yoast SEO Premium plugin. -->","yoast_head_json":{"title":"\u0130\u015f \u0130stasyonu Workstation","description":"\u0130\u015f \u0130stasyonu Sat\u0131\u015f Ma\u011fazas\u0131 Laptop Masa\u00fcst\u00fc Bilgisayar Workstation Dell Hp Uygun fiyatl\u0131 \u00dcr\u00fcnler Sat\u0131n Almak \u0130\u00e7in Araman\u0131z Yeterli","robots":{"index":"index","follow":"follow","max-snippet":"max-snippet:-1","max-image-preview":"max-image-preview:large","max-video-preview":"max-video-preview:-1"},"canonical":"https:\/\/renderistan.com\/","og_locale":"tr_TR","og_type":"article","og_title":"Ana Sayfa","og_description":"\u0130\u015f \u0130stasyonu Sat\u0131\u015f Ma\u011fazas\u0131 Laptop Masa\u00fcst\u00fc Bilgisayar Workstation Dell Hp Uygun fiyatl\u0131 \u00dcr\u00fcnler Sat\u0131n Almak \u0130\u00e7in Araman\u0131z Yeterli","og_url":"https:\/\/renderistan.com\/","og_site_name":"Renderistan \u0130\u015f \u0130stasyonu Sat\u0131\u015f Ma\u011fazas\u0131","article_modified_time":"2024-09-08T13:20:12+00:00","og_image":[{"width":145,"height":113,"url":"https:\/\/renderistan.com\/wp-content\/uploads\/2023\/11\/cropped-logo-2-e1700814536786.png","type":"image\/png"}],"twitter_card":"summary_large_image","twitter_misc":{"Tahmini okuma s\u00fcresi":"1 dakika"},"schema":{"@context":"https:\/\/schema.org","@graph":[{"@type":"WebPage","@id":"https:\/\/renderistan.com\/","url":"https:\/\/renderistan.com\/","name":"\u0130\u015f \u0130stasyonu Workstation","isPartOf":{"@id":"https:\/\/renderistan.com\/#website"},"primaryImageOfPage":{"@id":"https:\/\/renderistan.com\/#primaryimage"},"image":{"@id":"https:\/\/renderistan.com\/#primaryimage"},"thumbnailUrl":"https:\/\/renderistan.com\/wp-content\/uploads\/2023\/11\/cropped-logo-2-e1700814536786.png","datePublished":"2023-12-02T11:20:38+00:00","dateModified":"2024-09-08T13:20:12+00:00","description":"\u0130\u015f \u0130stasyonu Sat\u0131\u015f Ma\u011fazas\u0131 Laptop Masa\u00fcst\u00fc Bilgisayar Workstation Dell Hp Uygun fiyatl\u0131 \u00dcr\u00fcnler Sat\u0131n Almak \u0130\u00e7in Araman\u0131z Yeterli","breadcrumb":{"@id":"https:\/\/renderistan.com\/#breadcrumb"},"inLanguage":"tr","potentialAction":[{"@type":"ReadAction","target":["https:\/\/renderistan.com\/"]}]},{"@type":"ImageObject","inLanguage":"tr","@id":"https:\/\/renderistan.com\/#primaryimage","url":"https:\/\/renderistan.com\/wp-content\/uploads\/2023\/11\/cropped-logo-2-e1700814536786.png","contentUrl":"https:\/\/renderistan.com\/wp-content\/uploads\/2023\/11\/cropped-logo-2-e1700814536786.png","width":145,"height":113},{"@type":"BreadcrumbList","@id":"https:\/\/renderistan.com\/#breadcrumb","itemListElement":[{"@type":"ListItem","position":1,"name":"Anasayfa","item":"https:\/\/renderistan.com\/"},{"@type":"ListItem","position":2,"name":"Ana Sayfa"}]},{"@type":"WebSite","@id":"https:\/\/renderistan.com\/#website","url":"https:\/\/renderistan.com\/","name":"Renderistan \u0130\u015f \u0130stasyonu Sat\u0131\u015f Ma\u011fazas\u0131","description":"\u0130\u015f \u0130stasyonu sat\u0131\u015f ma\u011fazas\u0131","publisher":{"@id":"https:\/\/renderistan.com\/#organization"},"potentialAction":[{"@type":"SearchAction","target":{"@type":"EntryPoint","urlTemplate":"https:\/\/renderistan.com\/?s={search_term_string}"},"query-input":"required name=search_term_string"}],"inLanguage":"tr"},{"@type":"Organization","@id":"https:\/\/renderistan.com\/#organization","name":"Renderistan \u0130\u015f \u0130stasyonu Sat\u0131\u015f Ma\u011fazas\u0131","url":"https:\/\/renderistan.com\/","logo":{"@type":"ImageObject","inLanguage":"tr","@id":"https:\/\/renderistan.com\/#\/schema\/logo\/image\/","url":"https:\/\/renderistan.com\/wp-content\/uploads\/2023\/12\/cropped-cropped-Basliksiz-2-1.png","contentUrl":"https:\/\/renderistan.com\/wp-content\/uploads\/2023\/12\/cropped-cropped-Basliksiz-2-1.png","width":380,"height":298,"caption":"Renderistan \u0130\u015f \u0130stasyonu Sat\u0131\u015f Ma\u011fazas\u0131"},"image":{"@id":"https:\/\/renderistan.com\/#\/schema\/logo\/image\/"}}]}},"_links":{"self":[{"href":"https:\/\/renderistan.com\/index.php?rest_route=\/wp\/v2\/pages\/2139","targetHints":{"allow":["GET"]}}],"collection":[{"href":"https:\/\/renderistan.com\/index.php?rest_route=\/wp\/v2\/pages"}],"about":[{"href":"https:\/\/renderistan.com\/index.php?rest_route=\/wp\/v2\/types\/page"}],"author":[{"embeddable":true,"href":"https:\/\/renderistan.com\/index.php?rest_route=\/wp\/v2\/users\/1"}],"replies":[{"embeddable":true,"href":"https:\/\/renderistan.com\/index.php?rest_route=%2Fwp%2Fv2%2Fcomments&post=2139"}],"version-history":[{"count":8,"href":"https:\/\/renderistan.com\/index.php?rest_route=\/wp\/v2\/pages\/2139\/revisions"}],"predecessor-version":[{"id":6008,"href":"https:\/\/renderistan.com\/index.php?rest_route=\/wp\/v2\/pages\/2139\/revisions\/6008"}],"wp:featuredmedia":[{"embeddable":true,"href":"https:\/\/renderistan.com\/index.php?rest_route=\/wp\/v2\/media\/5454"}],"wp:attachment":[{"href":"https:\/\/renderistan.com\/index.php?rest_route=%2Fwp%2Fv2%2Fmedia&parent=2139"}],"curies":[{"name":"wp","href":"https:\/\/api.w.org\/{rel}","templated":true}]}}