{"id":5622,"date":"2023-11-30T12:03:23","date_gmt":"2023-11-30T12:03:23","guid":{"rendered":"https:\/\/renderistan.com\/?post_type=product&#038;p=5622"},"modified":"2026-04-14T04:47:22","modified_gmt":"2026-04-14T01:47:22","slug":"hp-zbook-g5-x360-mobil-workstation-mobil-is-istasyonu-oyun-bilgisayari","status":"publish","type":"product","link":"https:\/\/renderistan.com\/?product=hp-zbook-g5-x360-mobil-workstation-mobil-is-istasyonu-oyun-bilgisayari","title":{"rendered":"HP ZBook G5 X360 Workstation"},"content":{"rendered":"<h1 class=\"cf-pg-title\">HP ZBook G5 X360 Workstation<\/h1>\n<h4><strong>hp zbook g5 x360<\/strong><\/h4>\n<ul>\n<li><span style=\"vertical-align: inherit;\">Intel Xeon e-2186M 4.8 GHz <\/span><\/li>\n<li><span style=\"vertical-align: inherit;\">4Gb NVIDIA Quadro pro P1000 GDDR5 <\/span><\/li>\n<li><span style=\"vertical-align: inherit;\">32 Gb DDR4 ram <\/span><\/li>\n<li><span style=\"vertical-align: inherit;\">256gb SSD <\/span><\/li>\n<li><span style=\"vertical-align: inherit;\">Panel ekran\u0131 <\/span><\/li>\n<li><span style=\"vertical-align: inherit;\">360 derece ekran d\u00f6n\u00fc\u015f\u00fc<\/span>.<\/li>\n<\/ul>\n","protected":false},"excerpt":{"rendered":"<h1 class=\"cf-pg-title\">HP ZBook G5 X360 Workstation<\/h1>\n","protected":false},"featured_media":5646,"comment_status":"open","ping_status":"closed","template":"","meta":{"_acf_changed":false,"om_disable_all_campaigns":false,"_monsterinsights_skip_tracking":false,"_monsterinsights_sitenote_active":false,"_monsterinsights_sitenote_note":"","_monsterinsights_sitenote_category":0},"product_cat":[254,15,239,238],"product_tag":[],"class_list":{"0":"post-5622","1":"product","2":"type-product","3":"status-publish","4":"has-post-thumbnail","6":"product_cat-stokta-var","7":"product_cat-tum-urunler","8":"product_cat-mobil-wokstation","9":"product_cat-dizustu-bilgisayarlar","11":"first","12":"instock","13":"sale","14":"taxable","15":"shipping-taxable","16":"purchasable","17":"product-type-simple"},"acf":[],"yoast_head":"<!-- This site is optimized with the Yoast SEO Premium plugin v21.8 (Yoast SEO v22.9) - https:\/\/yoast.com\/wordpress\/plugins\/seo\/ -->\n<title>HP ZBook G5 X360 Workstation - Renderistan \u0130\u015f \u0130stasyonu Sat\u0131\u015f Ma\u011fazas\u0131 HP Workstation X360 G5<\/title>\n<meta name=\"description\" content=\"HP ZBook G5 X360 Workstation PC Intel Xeon e-2186M 4.8 GHz4Gb NVIDIA Quadro pro P1000 GDDR532 Gb DDR4 ram256gb SSDPanel ekran\u0131360 derece ekran d\u00f6n\u00fc\u015f\u00fc\" \/>\n<meta name=\"robots\" content=\"index, follow, max-snippet:-1, max-image-preview:large, max-video-preview:-1\" \/>\n<link rel=\"canonical\" href=\"https:\/\/renderistan.com\/?product=hp-zbook-g5-x360-mobil-workstation-mobil-is-istasyonu-oyun-bilgisayari\" \/>\n<meta property=\"og:locale\" content=\"tr_TR\" \/>\n<meta property=\"og:type\" content=\"article\" \/>\n<meta property=\"og:title\" content=\"HP ZBook G5 X360 Workstation\" \/>\n<meta property=\"og:description\" content=\"HP ZBook G5 X360 Workstation PC Intel Xeon e-2186M 4.8 GHz4Gb NVIDIA Quadro pro P1000 GDDR532 Gb DDR4 ram256gb SSDPanel ekran\u0131360 derece ekran d\u00f6n\u00fc\u015f\u00fc\" \/>\n<meta property=\"og:url\" content=\"https:\/\/renderistan.com\/?product=hp-zbook-g5-x360-mobil-workstation-mobil-is-istasyonu-oyun-bilgisayari\" \/>\n<meta property=\"og:site_name\" content=\"Renderistan \u0130\u015f \u0130stasyonu Sat\u0131\u015f Ma\u011fazas\u0131\" \/>\n<meta property=\"article:modified_time\" content=\"2026-04-14T01:47:22+00:00\" \/>\n<meta property=\"og:image\" content=\"https:\/\/renderistan.com\/wp-content\/uploads\/2023\/11\/1-1.png\" \/>\n\t<meta property=\"og:image:width\" content=\"800\" \/>\n\t<meta property=\"og:image:height\" content=\"800\" \/>\n\t<meta property=\"og:image:type\" content=\"image\/png\" \/>\n<meta name=\"twitter:card\" content=\"summary_large_image\" \/>\n<meta name=\"twitter:label1\" content=\"Tahmini okuma s\u00fcresi\" \/>\n\t<meta name=\"twitter:data1\" content=\"1 dakika\" \/>\n<script type=\"application\/ld+json\" class=\"yoast-schema-graph\">{\"@context\":\"https:\/\/schema.org\",\"@graph\":[{\"@type\":\"WebPage\",\"@id\":\"https:\/\/renderistan.com\/?product=hp-zbook-g5-x360-mobil-workstation-mobil-is-istasyonu-oyun-bilgisayari\",\"url\":\"https:\/\/renderistan.com\/?product=hp-zbook-g5-x360-mobil-workstation-mobil-is-istasyonu-oyun-bilgisayari\",\"name\":\"HP ZBook G5 X360 Workstation - Renderistan \u0130\u015f \u0130stasyonu Sat\u0131\u015f Ma\u011fazas\u0131 HP Workstation X360 G5\",\"isPartOf\":{\"@id\":\"https:\/\/renderistan.com\/#website\"},\"primaryImageOfPage\":{\"@id\":\"https:\/\/renderistan.com\/?product=hp-zbook-g5-x360-mobil-workstation-mobil-is-istasyonu-oyun-bilgisayari#primaryimage\"},\"image\":{\"@id\":\"https:\/\/renderistan.com\/?product=hp-zbook-g5-x360-mobil-workstation-mobil-is-istasyonu-oyun-bilgisayari#primaryimage\"},\"thumbnailUrl\":\"https:\/\/renderistan.com\/wp-content\/uploads\/2023\/11\/1-1.png\",\"datePublished\":\"2023-11-30T12:03:23+00:00\",\"dateModified\":\"2026-04-14T01:47:22+00:00\",\"description\":\"HP ZBook G5 X360 Workstation PC Intel Xeon e-2186M 4.8 GHz4Gb NVIDIA Quadro pro P1000 GDDR532 Gb DDR4 ram256gb SSDPanel ekran\u0131360 derece ekran d\u00f6n\u00fc\u015f\u00fc\",\"breadcrumb\":{\"@id\":\"https:\/\/renderistan.com\/?product=hp-zbook-g5-x360-mobil-workstation-mobil-is-istasyonu-oyun-bilgisayari#breadcrumb\"},\"inLanguage\":\"tr\",\"potentialAction\":[{\"@type\":\"ReadAction\",\"target\":[\"https:\/\/renderistan.com\/?product=hp-zbook-g5-x360-mobil-workstation-mobil-is-istasyonu-oyun-bilgisayari\"]}]},{\"@type\":\"ImageObject\",\"inLanguage\":\"tr\",\"@id\":\"https:\/\/renderistan.com\/?product=hp-zbook-g5-x360-mobil-workstation-mobil-is-istasyonu-oyun-bilgisayari#primaryimage\",\"url\":\"https:\/\/renderistan.com\/wp-content\/uploads\/2023\/11\/1-1.png\",\"contentUrl\":\"https:\/\/renderistan.com\/wp-content\/uploads\/2023\/11\/1-1.png\",\"width\":800,\"height\":800,\"caption\":\"hp zbook studio x360 g5 hp zbook studio x360 g5 mobile workstation hp zbook studio x360 g5 workstation hp zbook x360 g5 hp zbook studio g5 mobile workstation x360\"},{\"@type\":\"BreadcrumbList\",\"@id\":\"https:\/\/renderistan.com\/?product=hp-zbook-g5-x360-mobil-workstation-mobil-is-istasyonu-oyun-bilgisayari#breadcrumb\",\"itemListElement\":[{\"@type\":\"ListItem\",\"position\":1,\"name\":\"Anasayfa\",\"item\":\"https:\/\/renderistan.com\/\"},{\"@type\":\"ListItem\",\"position\":2,\"name\":\"Ma\u011faza\",\"item\":\"https:\/\/renderistan.com\/?page_id=3853\"},{\"@type\":\"ListItem\",\"position\":3,\"name\":\"HP ZBook G5 X360 Workstation\"}]},{\"@type\":\"WebSite\",\"@id\":\"https:\/\/renderistan.com\/#website\",\"url\":\"https:\/\/renderistan.com\/\",\"name\":\"Renderistan \u0130\u015f \u0130stasyonu Sat\u0131\u015f Ma\u011fazas\u0131\",\"description\":\"\u0130\u015f \u0130stasyonu sat\u0131\u015f ma\u011fazas\u0131\",\"publisher\":{\"@id\":\"https:\/\/renderistan.com\/#organization\"},\"potentialAction\":[{\"@type\":\"SearchAction\",\"target\":{\"@type\":\"EntryPoint\",\"urlTemplate\":\"https:\/\/renderistan.com\/?s={search_term_string}\"},\"query-input\":\"required name=search_term_string\"}],\"inLanguage\":\"tr\"},{\"@type\":\"Organization\",\"@id\":\"https:\/\/renderistan.com\/#organization\",\"name\":\"Renderistan \u0130\u015f \u0130stasyonu Sat\u0131\u015f Ma\u011fazas\u0131\",\"url\":\"https:\/\/renderistan.com\/\",\"logo\":{\"@type\":\"ImageObject\",\"inLanguage\":\"tr\",\"@id\":\"https:\/\/renderistan.com\/#\/schema\/logo\/image\/\",\"url\":\"https:\/\/renderistan.com\/wp-content\/uploads\/2023\/12\/cropped-cropped-Basliksiz-2-1.png\",\"contentUrl\":\"https:\/\/renderistan.com\/wp-content\/uploads\/2023\/12\/cropped-cropped-Basliksiz-2-1.png\",\"width\":380,\"height\":298,\"caption\":\"Renderistan \u0130\u015f \u0130stasyonu Sat\u0131\u015f Ma\u011fazas\u0131\"},\"image\":{\"@id\":\"https:\/\/renderistan.com\/#\/schema\/logo\/image\/\"}}]}<\/script>\n<!-- \/ Yoast SEO Premium plugin. -->","yoast_head_json":{"title":"HP ZBook G5 X360 Workstation - Renderistan \u0130\u015f \u0130stasyonu Sat\u0131\u015f Ma\u011fazas\u0131 HP Workstation X360 G5","description":"HP ZBook G5 X360 Workstation PC Intel Xeon e-2186M 4.8 GHz4Gb NVIDIA Quadro pro P1000 GDDR532 Gb DDR4 ram256gb SSDPanel ekran\u0131360 derece ekran d\u00f6n\u00fc\u015f\u00fc","robots":{"index":"index","follow":"follow","max-snippet":"max-snippet:-1","max-image-preview":"max-image-preview:large","max-video-preview":"max-video-preview:-1"},"canonical":"https:\/\/renderistan.com\/?product=hp-zbook-g5-x360-mobil-workstation-mobil-is-istasyonu-oyun-bilgisayari","og_locale":"tr_TR","og_type":"article","og_title":"HP ZBook G5 X360 Workstation","og_description":"HP ZBook G5 X360 Workstation PC Intel Xeon e-2186M 4.8 GHz4Gb NVIDIA Quadro pro P1000 GDDR532 Gb DDR4 ram256gb SSDPanel ekran\u0131360 derece ekran d\u00f6n\u00fc\u015f\u00fc","og_url":"https:\/\/renderistan.com\/?product=hp-zbook-g5-x360-mobil-workstation-mobil-is-istasyonu-oyun-bilgisayari","og_site_name":"Renderistan \u0130\u015f \u0130stasyonu Sat\u0131\u015f Ma\u011fazas\u0131","article_modified_time":"2026-04-14T01:47:22+00:00","og_image":[{"width":800,"height":800,"url":"https:\/\/renderistan.com\/wp-content\/uploads\/2023\/11\/1-1.png","type":"image\/png"}],"twitter_card":"summary_large_image","twitter_misc":{"Tahmini okuma s\u00fcresi":"1 dakika"},"schema":{"@context":"https:\/\/schema.org","@graph":[{"@type":"WebPage","@id":"https:\/\/renderistan.com\/?product=hp-zbook-g5-x360-mobil-workstation-mobil-is-istasyonu-oyun-bilgisayari","url":"https:\/\/renderistan.com\/?product=hp-zbook-g5-x360-mobil-workstation-mobil-is-istasyonu-oyun-bilgisayari","name":"HP ZBook G5 X360 Workstation - Renderistan \u0130\u015f \u0130stasyonu Sat\u0131\u015f Ma\u011fazas\u0131 HP Workstation X360 G5","isPartOf":{"@id":"https:\/\/renderistan.com\/#website"},"primaryImageOfPage":{"@id":"https:\/\/renderistan.com\/?product=hp-zbook-g5-x360-mobil-workstation-mobil-is-istasyonu-oyun-bilgisayari#primaryimage"},"image":{"@id":"https:\/\/renderistan.com\/?product=hp-zbook-g5-x360-mobil-workstation-mobil-is-istasyonu-oyun-bilgisayari#primaryimage"},"thumbnailUrl":"https:\/\/renderistan.com\/wp-content\/uploads\/2023\/11\/1-1.png","datePublished":"2023-11-30T12:03:23+00:00","dateModified":"2026-04-14T01:47:22+00:00","description":"HP ZBook G5 X360 Workstation PC Intel Xeon e-2186M 4.8 GHz4Gb NVIDIA Quadro pro P1000 GDDR532 Gb DDR4 ram256gb SSDPanel ekran\u0131360 derece ekran d\u00f6n\u00fc\u015f\u00fc","breadcrumb":{"@id":"https:\/\/renderistan.com\/?product=hp-zbook-g5-x360-mobil-workstation-mobil-is-istasyonu-oyun-bilgisayari#breadcrumb"},"inLanguage":"tr","potentialAction":[{"@type":"ReadAction","target":["https:\/\/renderistan.com\/?product=hp-zbook-g5-x360-mobil-workstation-mobil-is-istasyonu-oyun-bilgisayari"]}]},{"@type":"ImageObject","inLanguage":"tr","@id":"https:\/\/renderistan.com\/?product=hp-zbook-g5-x360-mobil-workstation-mobil-is-istasyonu-oyun-bilgisayari#primaryimage","url":"https:\/\/renderistan.com\/wp-content\/uploads\/2023\/11\/1-1.png","contentUrl":"https:\/\/renderistan.com\/wp-content\/uploads\/2023\/11\/1-1.png","width":800,"height":800,"caption":"hp zbook studio x360 g5 hp zbook studio x360 g5 mobile workstation hp zbook studio x360 g5 workstation hp zbook x360 g5 hp zbook studio g5 mobile workstation x360"},{"@type":"BreadcrumbList","@id":"https:\/\/renderistan.com\/?product=hp-zbook-g5-x360-mobil-workstation-mobil-is-istasyonu-oyun-bilgisayari#breadcrumb","itemListElement":[{"@type":"ListItem","position":1,"name":"Anasayfa","item":"https:\/\/renderistan.com\/"},{"@type":"ListItem","position":2,"name":"Ma\u011faza","item":"https:\/\/renderistan.com\/?page_id=3853"},{"@type":"ListItem","position":3,"name":"HP ZBook G5 X360 Workstation"}]},{"@type":"WebSite","@id":"https:\/\/renderistan.com\/#website","url":"https:\/\/renderistan.com\/","name":"Renderistan \u0130\u015f \u0130stasyonu Sat\u0131\u015f Ma\u011fazas\u0131","description":"\u0130\u015f \u0130stasyonu sat\u0131\u015f ma\u011fazas\u0131","publisher":{"@id":"https:\/\/renderistan.com\/#organization"},"potentialAction":[{"@type":"SearchAction","target":{"@type":"EntryPoint","urlTemplate":"https:\/\/renderistan.com\/?s={search_term_string}"},"query-input":"required name=search_term_string"}],"inLanguage":"tr"},{"@type":"Organization","@id":"https:\/\/renderistan.com\/#organization","name":"Renderistan \u0130\u015f \u0130stasyonu Sat\u0131\u015f Ma\u011fazas\u0131","url":"https:\/\/renderistan.com\/","logo":{"@type":"ImageObject","inLanguage":"tr","@id":"https:\/\/renderistan.com\/#\/schema\/logo\/image\/","url":"https:\/\/renderistan.com\/wp-content\/uploads\/2023\/12\/cropped-cropped-Basliksiz-2-1.png","contentUrl":"https:\/\/renderistan.com\/wp-content\/uploads\/2023\/12\/cropped-cropped-Basliksiz-2-1.png","width":380,"height":298,"caption":"Renderistan \u0130\u015f \u0130stasyonu Sat\u0131\u015f Ma\u011fazas\u0131"},"image":{"@id":"https:\/\/renderistan.com\/#\/schema\/logo\/image\/"}}]}},"_links":{"self":[{"href":"https:\/\/renderistan.com\/index.php?rest_route=\/wp\/v2\/product\/5622","targetHints":{"allow":["GET"]}}],"collection":[{"href":"https:\/\/renderistan.com\/index.php?rest_route=\/wp\/v2\/product"}],"about":[{"href":"https:\/\/renderistan.com\/index.php?rest_route=\/wp\/v2\/types\/product"}],"replies":[{"embeddable":true,"href":"https:\/\/renderistan.com\/index.php?rest_route=%2Fwp%2Fv2%2Fcomments&post=5622"}],"wp:featuredmedia":[{"embeddable":true,"href":"https:\/\/renderistan.com\/index.php?rest_route=\/wp\/v2\/media\/5646"}],"wp:attachment":[{"href":"https:\/\/renderistan.com\/index.php?rest_route=%2Fwp%2Fv2%2Fmedia&parent=5622"}],"wp:term":[{"taxonomy":"product_cat","embeddable":true,"href":"https:\/\/renderistan.com\/index.php?rest_route=%2Fwp%2Fv2%2Fproduct_cat&post=5622"},{"taxonomy":"product_tag","embeddable":true,"href":"https:\/\/renderistan.com\/index.php?rest_route=%2Fwp%2Fv2%2Fproduct_tag&post=5622"}],"curies":[{"name":"wp","href":"https:\/\/api.w.org\/{rel}","templated":true}]}}