{"id":5760,"date":"2023-12-02T09:27:51","date_gmt":"2023-12-02T09:27:51","guid":{"rendered":"https:\/\/renderistan.com\/?post_type=product&#038;p=5760"},"modified":"2026-03-25T09:28:57","modified_gmt":"2026-03-25T06:28:57","slug":"dell-precision-5530","status":"publish","type":"product","link":"https:\/\/renderistan.com\/?product=dell-precision-5530","title":{"rendered":"Dell Precision 5530"},"content":{"rendered":"<h1 class=\"product_title wd-entities-title\">Dell Precision 5530<\/h1>\n<ul>\n<li><b>\u0130\u015flemci:\u00a0<\/b>i7-8850H 2.60Ghz<\/li>\n<li><b>Bellek (RAM):<\/b><b>\u00a0<\/b>32GB\u00a0DDR4<\/li>\n<li><b>Ekran Boyutu:<\/b>15.6\u2033 FHD Ekran<\/li>\n<li><b>Harddisk:<\/b>512GB SSD<\/li>\n<li><b>Ekran Yenileme H\u0131z\u0131:<\/b> 60Hz<\/li>\n<li><b>Ekran Kart\u0131: <\/b>Nvidia quadro<\/li>\n<\/ul>\n","protected":false},"excerpt":{"rendered":"<h1 class=\"product_title wd-entities-title\">Dell Precision 5530<\/h1>\n","protected":false},"featured_media":5761,"comment_status":"open","ping_status":"closed","template":"","meta":{"_acf_changed":false,"om_disable_all_campaigns":false,"_monsterinsights_skip_tracking":false,"_monsterinsights_sitenote_active":false,"_monsterinsights_sitenote_note":"","_monsterinsights_sitenote_category":0},"product_cat":[254,15,239,238],"product_tag":[],"class_list":{"0":"post-5760","1":"product","2":"type-product","3":"status-publish","4":"has-post-thumbnail","6":"product_cat-stokta-var","7":"product_cat-tum-urunler","8":"product_cat-mobil-wokstation","9":"product_cat-dizustu-bilgisayarlar","11":"first","12":"instock","13":"sale","14":"taxable","15":"shipping-taxable","16":"purchasable","17":"product-type-simple"},"acf":[],"yoast_head":"<!-- This site is optimized with the Yoast SEO Premium plugin v21.8 (Yoast SEO v22.9) - https:\/\/yoast.com\/wordpress\/plugins\/seo\/ -->\n<title>Dell Precision 5530 - Renderistan \u0130\u015f \u0130stasyonu Sat\u0131\u015f Ma\u011fazas\u0131<\/title>\n<meta name=\"description\" content=\"\u0130\u015flemci:\u00a0i7-8850H 2.60GhzBellek (RAM):\u00a032GB\u00a0DDR4Ekran Boyutu:15.6\u2033 FHD EkranHarddisk:512GB SSDEkran Yenileme H\u0131z\u0131: 60HzEkran Kart\u0131: Nvidia quadro\" \/>\n<meta name=\"robots\" content=\"index, follow, max-snippet:-1, max-image-preview:large, max-video-preview:-1\" \/>\n<link rel=\"canonical\" href=\"https:\/\/renderistan.com\/?product=dell-precision-5530\" \/>\n<meta property=\"og:locale\" content=\"tr_TR\" \/>\n<meta property=\"og:type\" content=\"article\" \/>\n<meta property=\"og:title\" content=\"Dell Precision 5530\" \/>\n<meta property=\"og:description\" content=\"\u0130\u015flemci:\u00a0i7-8850H 2.60GhzBellek (RAM):\u00a032GB\u00a0DDR4Ekran Boyutu:15.6\u2033 FHD EkranHarddisk:512GB SSDEkran Yenileme H\u0131z\u0131: 60HzEkran Kart\u0131: Nvidia quadro\" \/>\n<meta property=\"og:url\" content=\"https:\/\/renderistan.com\/?product=dell-precision-5530\" \/>\n<meta property=\"og:site_name\" content=\"Renderistan \u0130\u015f \u0130stasyonu Sat\u0131\u015f Ma\u011fazas\u0131\" \/>\n<meta property=\"article:modified_time\" content=\"2026-03-25T06:28:57+00:00\" \/>\n<meta property=\"og:image\" content=\"https:\/\/renderistan.com\/wp-content\/uploads\/2023\/12\/1-5.png\" \/>\n\t<meta property=\"og:image:width\" content=\"800\" \/>\n\t<meta property=\"og:image:height\" content=\"800\" \/>\n\t<meta property=\"og:image:type\" content=\"image\/png\" \/>\n<meta name=\"twitter:card\" content=\"summary_large_image\" \/>\n<meta name=\"twitter:label1\" content=\"Tahmini okuma s\u00fcresi\" \/>\n\t<meta name=\"twitter:data1\" content=\"1 dakika\" \/>\n<script type=\"application\/ld+json\" class=\"yoast-schema-graph\">{\"@context\":\"https:\/\/schema.org\",\"@graph\":[{\"@type\":\"WebPage\",\"@id\":\"https:\/\/renderistan.com\/?product=dell-precision-5530\",\"url\":\"https:\/\/renderistan.com\/?product=dell-precision-5530\",\"name\":\"Dell Precision 5530 - Renderistan \u0130\u015f \u0130stasyonu Sat\u0131\u015f Ma\u011fazas\u0131\",\"isPartOf\":{\"@id\":\"https:\/\/renderistan.com\/#website\"},\"primaryImageOfPage\":{\"@id\":\"https:\/\/renderistan.com\/?product=dell-precision-5530#primaryimage\"},\"image\":{\"@id\":\"https:\/\/renderistan.com\/?product=dell-precision-5530#primaryimage\"},\"thumbnailUrl\":\"https:\/\/renderistan.com\/wp-content\/uploads\/2023\/12\/1-5.png\",\"datePublished\":\"2023-12-02T09:27:51+00:00\",\"dateModified\":\"2026-03-25T06:28:57+00:00\",\"description\":\"\u0130\u015flemci:\u00a0i7-8850H 2.60GhzBellek (RAM):\u00a032GB\u00a0DDR4Ekran Boyutu:15.6\u2033 FHD EkranHarddisk:512GB SSDEkran Yenileme H\u0131z\u0131: 60HzEkran Kart\u0131: Nvidia quadro\",\"breadcrumb\":{\"@id\":\"https:\/\/renderistan.com\/?product=dell-precision-5530#breadcrumb\"},\"inLanguage\":\"tr\",\"potentialAction\":[{\"@type\":\"ReadAction\",\"target\":[\"https:\/\/renderistan.com\/?product=dell-precision-5530\"]}]},{\"@type\":\"ImageObject\",\"inLanguage\":\"tr\",\"@id\":\"https:\/\/renderistan.com\/?product=dell-precision-5530#primaryimage\",\"url\":\"https:\/\/renderistan.com\/wp-content\/uploads\/2023\/12\/1-5.png\",\"contentUrl\":\"https:\/\/renderistan.com\/wp-content\/uploads\/2023\/12\/1-5.png\",\"width\":800,\"height\":800},{\"@type\":\"BreadcrumbList\",\"@id\":\"https:\/\/renderistan.com\/?product=dell-precision-5530#breadcrumb\",\"itemListElement\":[{\"@type\":\"ListItem\",\"position\":1,\"name\":\"Anasayfa\",\"item\":\"https:\/\/renderistan.com\/\"},{\"@type\":\"ListItem\",\"position\":2,\"name\":\"Ma\u011faza\",\"item\":\"https:\/\/renderistan.com\/?page_id=3853\"},{\"@type\":\"ListItem\",\"position\":3,\"name\":\"Dell Precision 5530\"}]},{\"@type\":\"WebSite\",\"@id\":\"https:\/\/renderistan.com\/#website\",\"url\":\"https:\/\/renderistan.com\/\",\"name\":\"Renderistan \u0130\u015f \u0130stasyonu Sat\u0131\u015f Ma\u011fazas\u0131\",\"description\":\"\u0130\u015f \u0130stasyonu sat\u0131\u015f ma\u011fazas\u0131\",\"publisher\":{\"@id\":\"https:\/\/renderistan.com\/#organization\"},\"potentialAction\":[{\"@type\":\"SearchAction\",\"target\":{\"@type\":\"EntryPoint\",\"urlTemplate\":\"https:\/\/renderistan.com\/?s={search_term_string}\"},\"query-input\":\"required name=search_term_string\"}],\"inLanguage\":\"tr\"},{\"@type\":\"Organization\",\"@id\":\"https:\/\/renderistan.com\/#organization\",\"name\":\"Renderistan \u0130\u015f \u0130stasyonu Sat\u0131\u015f Ma\u011fazas\u0131\",\"url\":\"https:\/\/renderistan.com\/\",\"logo\":{\"@type\":\"ImageObject\",\"inLanguage\":\"tr\",\"@id\":\"https:\/\/renderistan.com\/#\/schema\/logo\/image\/\",\"url\":\"https:\/\/renderistan.com\/wp-content\/uploads\/2023\/12\/cropped-cropped-Basliksiz-2-1.png\",\"contentUrl\":\"https:\/\/renderistan.com\/wp-content\/uploads\/2023\/12\/cropped-cropped-Basliksiz-2-1.png\",\"width\":380,\"height\":298,\"caption\":\"Renderistan \u0130\u015f \u0130stasyonu Sat\u0131\u015f Ma\u011fazas\u0131\"},\"image\":{\"@id\":\"https:\/\/renderistan.com\/#\/schema\/logo\/image\/\"}}]}<\/script>\n<!-- \/ Yoast SEO Premium plugin. -->","yoast_head_json":{"title":"Dell Precision 5530 - Renderistan \u0130\u015f \u0130stasyonu Sat\u0131\u015f Ma\u011fazas\u0131","description":"\u0130\u015flemci:\u00a0i7-8850H 2.60GhzBellek (RAM):\u00a032GB\u00a0DDR4Ekran Boyutu:15.6\u2033 FHD EkranHarddisk:512GB SSDEkran Yenileme H\u0131z\u0131: 60HzEkran Kart\u0131: Nvidia quadro","robots":{"index":"index","follow":"follow","max-snippet":"max-snippet:-1","max-image-preview":"max-image-preview:large","max-video-preview":"max-video-preview:-1"},"canonical":"https:\/\/renderistan.com\/?product=dell-precision-5530","og_locale":"tr_TR","og_type":"article","og_title":"Dell Precision 5530","og_description":"\u0130\u015flemci:\u00a0i7-8850H 2.60GhzBellek (RAM):\u00a032GB\u00a0DDR4Ekran Boyutu:15.6\u2033 FHD EkranHarddisk:512GB SSDEkran Yenileme H\u0131z\u0131: 60HzEkran Kart\u0131: Nvidia quadro","og_url":"https:\/\/renderistan.com\/?product=dell-precision-5530","og_site_name":"Renderistan \u0130\u015f \u0130stasyonu Sat\u0131\u015f Ma\u011fazas\u0131","article_modified_time":"2026-03-25T06:28:57+00:00","og_image":[{"width":800,"height":800,"url":"https:\/\/renderistan.com\/wp-content\/uploads\/2023\/12\/1-5.png","type":"image\/png"}],"twitter_card":"summary_large_image","twitter_misc":{"Tahmini okuma s\u00fcresi":"1 dakika"},"schema":{"@context":"https:\/\/schema.org","@graph":[{"@type":"WebPage","@id":"https:\/\/renderistan.com\/?product=dell-precision-5530","url":"https:\/\/renderistan.com\/?product=dell-precision-5530","name":"Dell Precision 5530 - Renderistan \u0130\u015f \u0130stasyonu Sat\u0131\u015f Ma\u011fazas\u0131","isPartOf":{"@id":"https:\/\/renderistan.com\/#website"},"primaryImageOfPage":{"@id":"https:\/\/renderistan.com\/?product=dell-precision-5530#primaryimage"},"image":{"@id":"https:\/\/renderistan.com\/?product=dell-precision-5530#primaryimage"},"thumbnailUrl":"https:\/\/renderistan.com\/wp-content\/uploads\/2023\/12\/1-5.png","datePublished":"2023-12-02T09:27:51+00:00","dateModified":"2026-03-25T06:28:57+00:00","description":"\u0130\u015flemci:\u00a0i7-8850H 2.60GhzBellek (RAM):\u00a032GB\u00a0DDR4Ekran Boyutu:15.6\u2033 FHD EkranHarddisk:512GB SSDEkran Yenileme H\u0131z\u0131: 60HzEkran Kart\u0131: Nvidia quadro","breadcrumb":{"@id":"https:\/\/renderistan.com\/?product=dell-precision-5530#breadcrumb"},"inLanguage":"tr","potentialAction":[{"@type":"ReadAction","target":["https:\/\/renderistan.com\/?product=dell-precision-5530"]}]},{"@type":"ImageObject","inLanguage":"tr","@id":"https:\/\/renderistan.com\/?product=dell-precision-5530#primaryimage","url":"https:\/\/renderistan.com\/wp-content\/uploads\/2023\/12\/1-5.png","contentUrl":"https:\/\/renderistan.com\/wp-content\/uploads\/2023\/12\/1-5.png","width":800,"height":800},{"@type":"BreadcrumbList","@id":"https:\/\/renderistan.com\/?product=dell-precision-5530#breadcrumb","itemListElement":[{"@type":"ListItem","position":1,"name":"Anasayfa","item":"https:\/\/renderistan.com\/"},{"@type":"ListItem","position":2,"name":"Ma\u011faza","item":"https:\/\/renderistan.com\/?page_id=3853"},{"@type":"ListItem","position":3,"name":"Dell Precision 5530"}]},{"@type":"WebSite","@id":"https:\/\/renderistan.com\/#website","url":"https:\/\/renderistan.com\/","name":"Renderistan \u0130\u015f \u0130stasyonu Sat\u0131\u015f Ma\u011fazas\u0131","description":"\u0130\u015f \u0130stasyonu sat\u0131\u015f ma\u011fazas\u0131","publisher":{"@id":"https:\/\/renderistan.com\/#organization"},"potentialAction":[{"@type":"SearchAction","target":{"@type":"EntryPoint","urlTemplate":"https:\/\/renderistan.com\/?s={search_term_string}"},"query-input":"required name=search_term_string"}],"inLanguage":"tr"},{"@type":"Organization","@id":"https:\/\/renderistan.com\/#organization","name":"Renderistan \u0130\u015f \u0130stasyonu Sat\u0131\u015f Ma\u011fazas\u0131","url":"https:\/\/renderistan.com\/","logo":{"@type":"ImageObject","inLanguage":"tr","@id":"https:\/\/renderistan.com\/#\/schema\/logo\/image\/","url":"https:\/\/renderistan.com\/wp-content\/uploads\/2023\/12\/cropped-cropped-Basliksiz-2-1.png","contentUrl":"https:\/\/renderistan.com\/wp-content\/uploads\/2023\/12\/cropped-cropped-Basliksiz-2-1.png","width":380,"height":298,"caption":"Renderistan \u0130\u015f \u0130stasyonu Sat\u0131\u015f Ma\u011fazas\u0131"},"image":{"@id":"https:\/\/renderistan.com\/#\/schema\/logo\/image\/"}}]}},"_links":{"self":[{"href":"https:\/\/renderistan.com\/index.php?rest_route=\/wp\/v2\/product\/5760","targetHints":{"allow":["GET"]}}],"collection":[{"href":"https:\/\/renderistan.com\/index.php?rest_route=\/wp\/v2\/product"}],"about":[{"href":"https:\/\/renderistan.com\/index.php?rest_route=\/wp\/v2\/types\/product"}],"replies":[{"embeddable":true,"href":"https:\/\/renderistan.com\/index.php?rest_route=%2Fwp%2Fv2%2Fcomments&post=5760"}],"wp:featuredmedia":[{"embeddable":true,"href":"https:\/\/renderistan.com\/index.php?rest_route=\/wp\/v2\/media\/5761"}],"wp:attachment":[{"href":"https:\/\/renderistan.com\/index.php?rest_route=%2Fwp%2Fv2%2Fmedia&parent=5760"}],"wp:term":[{"taxonomy":"product_cat","embeddable":true,"href":"https:\/\/renderistan.com\/index.php?rest_route=%2Fwp%2Fv2%2Fproduct_cat&post=5760"},{"taxonomy":"product_tag","embeddable":true,"href":"https:\/\/renderistan.com\/index.php?rest_route=%2Fwp%2Fv2%2Fproduct_tag&post=5760"}],"curies":[{"name":"wp","href":"https:\/\/api.w.org\/{rel}","templated":true}]}}